1. Calculate s(-35).
-6
Let t(j) = j**2 - 18. Determine t(3).
-9
Let w(h) = -h**3 + 6*h**2 - 11*h. Give w(5).
-30
Let s(k) = -k**2 - 20*k - 86. Give s(-10).
14
Let g(u) = 18*u**2 - 2*u. Determine g(1).
16
Let d(s) = 2*s**3 + 2*s**2 + s + 2. Determine d(-2).
-8
Let y(s) = -3*s**2 + 5*s - 31. Calculate y(-7).
-213
Let w(g) = -g - 6. Give w(-4).
-2
Let x(d) = d**3 - 9*d**2 - 2*d + 14. What is x(6)?
-106
Let q(r) = -15*r + 2. Give q(1).
-13
Let t(h) = 2*h**2 - 25*h - 3. Determine t(12).
-15
Let n(c) = 31*c**3 + c**2 - 1. Determine n(-1).
-31
Let v(z) = -z**2 - 4*z + 4. Determine v(-6).
-8
Let s(q) = q**2 + 17*q - 93. Calculate s(-23).
45
Let w(f) = 2*f - 15. Determine w(10).
5
Let y(q) = 299*q - 1807. What is y(6)?
-13
Let q(o) = o**2 + 10*o + 11. Give q(-6).
-13
Let n(v) = -v**3 - 11*v**2 - 14. Calculate n(-11).
-14
Let w(b) = -2*b**2 - 18*b - 8. Determine w(-9).
-8
Let c(w) = w + 18. Calculate c(-29).
-11
Let z(q) = q**3 - 3*q**2 - 5*q + 5. What is z(4)?
1
Let x(o) = -12*o - 19. Give x(-3).
17
Let v(q) = -q + 22. Determine v(-10).
32
Let v(m) = -7*m - 40. Calculate v(-5).
-5
Let a(l) = l**2 + 4*l + 3. What is a(-2)?
-1
Let b(v) = 2*v - 30. Determine b(18).
6
Let o(w) = -w**2 - 19*w + 16. Determine o(-20).
-4
Let q(k) = 33*k - 370. Determine q(11).
-7
Let p(b) = 7*b - 17. What is p(9)?
46
Let h(i) = -i**2 + 7*i - 1. Calculate h(7).
-1
Let a(v) = -10*v**2 - 66*v - 38. Determine a(-6).
-2
Let t(z) = z**3 - 5*z**2 - 8*z + 2. Calculate t(-2).
-10
Let t(n) = 2*n - 33. Calculate t(19).
5
Let f(j) = j**3 + 9*j**2 + 15*j - 24. Calculate f(-6).
-6
Let a(b) = b**3 - 8*b**2 + 4*b + 3. Calculate a(6).
-45
Let t(y) = y - 19. Calculate t(13).
-6
Let j(g) = 3*g**3 - g**2 + g - 11. Calculate j(0).
-11
Let u(t) = -2*t**2 + 5*t + 7. Calculate u(-4).
-45
Let o(s) = -s + 6. Determine o(2).
4
Let l(c) = 27*c + 1. Calculate l(1).
28
Let h(u) = u**3 - 13*u**2 - 11*u - 30. Determine h(14).
12
Let c(t) = -22*t**2 - t. Calculate c(1).
-23
Let s(x) = -4*x - 33. Calculate s(-6).
-9
Let j(r) = -2*r - 36. Calculate j(-16).
-4
Let x(w) = -23*w - 8. Determine x(-1).
15
Let d(h) = 10*h + 33. Calculate d(-17).
-137
Let b(s) = 14*s. What is b(2)?
28
Let s(x) = x**2 + 5*x + 6. Calculate s(-4).
2
Let k(l) = l**2 - 19*l + 66. Calculate k(12).
-18
Let t(q) = q**2 + 5*q - 46. Calculate t(7).
38
Let n(y) = 7*y**3. Give n(2).
56
Let s(l) = l**3 - 8*l**2 - 7*l - 14. What is s(9)?
4
Let j(h) = -h**3 + 2*h**2 + 7*h - 2. Determine j(-3).
22
Let d(r) = 2*r**3 - 4*r**2 + 3*r - 2. Give d(3).
25
Let w(r) = -11*r**3 - r**2 - 3*r - 3. Calculate w(-1).
10
Let i(r) = -r**2 + 7*r - 17. Determine i(5).
-7
Let k(o) = -5*o + 2. Calculate k(3).
-13
Let i(v) = 11*v**3 - 1. Give i(1).
10
Let g(n) = 2*n**2 - 9*n + 6. Calculate g(4).
2
Let r(a) = a**3 - 5*a**2 - 12*a - 8. What is r(7)?
6
Let s(k) = -2*k - 3. Determine s(4).
-11
Let u(z) = -z**3 - 10*z**2 - 7*z + 11. What is u(-8)?
-61
Let q(d) = 5*d - 21. Determine q(-6).
-51
Let t(x) = 5*x**3 - 2*x - 1. What is t(-1)?
-4
Let v(r) = 2*r**2 - 19*r + 16. What is v(9)?
7
Let k(z) = -2*z - 47. Calculate k(-7).
-33
Let n(y) = y**2 - 3. What is n(-2)?
1
Let j(z) = 2*z + 8. Calculate j(-10).
-12
Let p(s) = 21*s**2 - 3*s - 6. Determine p(-2).
84
Let a(s) = -s**3 - 20*s**2 - 41*s - 20. Calculate a(-18).
70
Let x(d) = -d**3 + 7*d**2 - 2*d + 17. What is x(7)?
3
Let l(j) = -6*j + 76. Determine l(13).
-2
Let n(y) = y**2 + 9*y - 8. Calculate n(-8).
-16
Let s(b) = 68*b + 10. What is s(-1)?
-58
Let p(d) = -d**2 - 9*d + 4. Give p(-11).
-18
Let l(k) = -38*k - 1. What is l(-1)?
37
Let y(r) = -2*r + 81. Calculate y(-10).
101
Let y(r) = 5*r - 1. What is y(1)?
4
Let n(t) = 2*t**2 + 5*t + 16. Give n(-4).
28
Let j(f) = -f**2 - 23*f + 155. Give j(-27).
47
Let n(q) = -4*q - 28. Determine n(-5).
-8
Let j(o) = -o**3 + 2*o**2 + 3*o - 6. Determine j(3).
-6
Let x(p) = -p**3 - 12*p**2 + 15*p + 14. Give x(-13).
-12
Let p(m) = m**3 + 5*m**2 - 107*m - 44. Give p(-13).
-5
Let x(a) = a + 18. Give x(-31).
-13
Let p(u) = -16*u - 53. What is p(-5)?
27
Let u(n) = n**2 - 24*n + 148. What is u(13)?
5
Let n(z) = z**2 - 15*z + 15. Determine n(10).
-35
Let x(q) = 8*q + 9. Determine x(10).
89
Let w(z) = z**3 - 9*z**2 + 16*z + 19. What is w(6)?
7
Let z(k) = k**3 + 8*k**2 - 10*k - 21. Give z(-9).
-12
Let q(p) = -2*p**3 + 4*p**2 - 10. What is q(2)?
-10
Let u(c) = -9*c - 42. Calculate u(-4).
-6
Let u(o) = o**2 + 7*o - 143. Determine u(9).
1
Let m(s) = -3*s + 9. What is m(-7)?
30
Let i(u) = u**2 - 8*u + 17. Determine i(6).
5
Let w(i) = -7*i + 8. Determine w(2).
-6
Let y(b) = 11*b + 94. Give y(-9).
-5
Let q(u) = 6*u**2 + 2*u - 2. Determine q(1).
6
Let p(d) = 21*d. Determine p(-1).
-21
Let u(c) = -c**2 + c - 3. Give u(2).
-5
Let u(p) = 3*p + 19. What is u(-9)?
-8
Let b(s) = s**2 + 5*s - 11. Give b(-9).
25
Let d(t) = -4*t - 17. Give d(-6).
7
Let t(r) = -2*r**2 + 33*r - 8. Calculate t(16).
8
Let x(w) = w**3 - 18*w + 14. Give x(5).
49
Let l(n) = -n**3 + 20*n**2 + 21*n + 15. Give l(21).
15
Let t(b) = 8*b**3 - b**2 + b - 1. Calculate t(1).
7
Let r(d) = -9*d - 35. Determine r(-13).
82
Let j(l) = l**3 - 8*l**2 - 8*l - 1. Calculate j(9).
8
Let s(i) = -8*i**3 + 3*i**2 - 2*i + 1. Give s(1).
-6
Let q(d) = d**3 + 3*d**2 - 8*d - 18. What is q(-6)?
-78
Let w(j) = j + 10. Calculate w(-6).
4
Let k(l) = l**2 - 20*l + 80. What is k(15)?
5
Let o(r) = r**3 + 4*r**2 - 12*r + 10. Give o(-7).
-53
Let n(g) = -g**3 - g**2 + 2*g + 15. Determine n(0).
15
Let w(z) = -3*z - 5. What is w(-7)?
16
Let m(q) = q**3 - 4*q + 3. Determine m(3).
18
Let o(a) = a**3 - 17*a**2 - 2*a + 10. Calculate o(17).
-24
Let q(p) = 14*p**2 - 4*p + 3. Calculate q(2).
51
Let n(v) = 4*v**3 + 4*v**2 - 3*v - 6. Determine n(-2).
-16
Let h(r) = 8*r + 2. Give h(1).
10
Let t(v) = v**3 - 3*v**2 - v - 7. Calculate t(4).
5
Let x(j) = -j + 4. Determine x(-4).
8
Let i(j) = 2*j**3 - j**2 - j - 13. Determine i(0).
-13
Let m(p) = p**3 - 39*p**2 - p + 56. What is m(39)?
17
Let q(a) = -31*a + 87. Determine q(3).
-6
Let x(y) = 3*y**2 - 13*y + 4. Determine x(5).
14
Let g(q) = -q**2 + 19*q - 87. Determine g(7).
-3
Let i(b) = -2*b**3 + 2*b**2 - 2*b. What is i(2)?
-12
Let o(m) = m**2 - 3. What is o(4)?
13
Let s(a) = a - 26. Determine s(17).
-9
Let a(s) = 5*s**2 + 3*s. Determine a(-3).
36
Let x(c) = -10*c**2 + c. Give x(1).
-9
Let z(a) = -a**2 + 13*a - 14. What is z(8)?
26
Let z(m) = -13*m - 83. Calculate z(-6).
-5
Let i(c) = -c**3 - 3*c**2 + 5*c - 18. Determine i(-5).
7
Let u(l) = 28*l**2. Give u(1).
28
Let h(s) = -7*s**2 + 6*s - 2. Determine h(2).
-18
Let v(x) = -x**2 - 7*x - 10. What is v(-5)?
0
Let k(c) = -c**3 - 4*c**2 - 6*c - 9. What is k(-4)?
15
Let b(d) = 2*d**3 + 25*d**2 + 14*d - 1. What is b(-12)?
-25
Let r(d) = -2*d + 2. Determine r(-5).
12
Let u(v) = v**2 + 14*v - 21. Determine u(-17).
30
Let s(z) = -z**3 - 2*z - 4. Calculate s(-3).
29
Let o(k) = -5*k - 15. Calculate o(-7).
20
Let p(f) = 4*f + 34. Calculate p(11).
78
Let t(u) = -u**3 - 10*u**2 + 14*u + 15. Calculate t(-11).
-18
Let u(b) = -2*b - 5. What is u(0)?
-5
Let r(l) = 4*l**3 - 3*l**2 - 7*l - 3. What is r(-1)?
-3
Let m(p) = -p**3 + 7*p**2 + 7*p + 5. Give m(8).
-3
Let h(c) = 27*c + 5. Calculate h(-3).
-76
Let h(u) = -u**2 + 9*u - 14. Calculate h(13).
-66
Let c(l) = -l**3 - 6*l**2 - 4*l - 10. Give c(-5).
-15
Let t(g) = 2*g**2 + 4*g - 16. Give t(3).
14
Let b(r) = -4*r**2 + 2*r + 1. Give b(-2).
-19
Let z(m) = m**3 - 6*m**2 + 4*m - 2. What is z(4)?
-18
Let c(u) = -u**2 - 17*u + 27. Calculate c(-19).
-11
Let v(t) = 2*t**3 - 3*t**2 - 9*t - 1. Calculate v(3).
-1
Let g(d) = -d**2 - 8*d - 3. Calculate g(-8).
-3
Let p(k) = 15*k + 266. Give p(-19).
-19
Let f(a) = -a**2 + 9*a + 1. Calculate f(8).
9
Let w(o) = -107*o - 5. Determine w(1).
-112
Let u(l) = 3*l**3 - 4*l + 3. Determine u(2).
19
Let r(a) = 2*a**3 + 2*a**2 - a - 3. What is r(1)?
0
Let o(y) = -3*y. What is o(6)?
-18
Let v(r) = 2*r. Calculate v(1).
2
Let b(t) = 6*t + 36. Calculate b(-6).
0
Let q(g) = 3*g**3 + 21*g**2 - 4*g - 33. Determine q(-7).
-5
Let m(z) = -z + 3. Determine m(7).
-4
Let y(g) = g + 43. What is y(10)?
53
Let p(u) = -2*u**3 + 7*u**2 - 3*u - 1. Determine p(3).
-1
Let r(v) = -12*v - 16. Give r(-5).
44
Let d(y) = -y - 1. Determine d(-11).
10
Let s(t) = -t**3 + 7*t**2 + 2*t - 27. Calculate s(7).
-13
Let y(u) = -u**3 - 9*u**2 + 8*u - 10. Determine y(-10).
10